{"id":5099,"date":"2026-02-02T15:00:55","date_gmt":"2026-02-02T15:00:55","guid":{"rendered":"https:\/\/genese.de\/?post_type=jobs&#038;p=5099"},"modified":"2026-03-04T18:24:36","modified_gmt":"2026-03-04T18:24:36","slug":"assistent-in-der-geschaftsleitung","status":"publish","type":"jobs","link":"https:\/\/www.genese.de\/de\/job-offers\/assistent-in-der-geschaftsleitung\/","title":{"rendered":"Assistent\/in der Gesch\u00e4ftsleitung"},"author":8,"featured_media":4094,"template":"","meta":{"_acf_changed":false,"site-sidebar-layout":"default","site-content-layout":"","ast-site-content-layout":"default","site-content-style":"default","site-sidebar-style":"default","ast-global-header-display":"","ast-banner-title-visibility":"","ast-main-header-display":"","ast-hfb-above-header-display":"","ast-hfb-below-header-display":"","ast-hfb-mobile-header-display":"","site-post-title":"","ast-breadcrumbs-content":"","ast-featured-img":"","footer-sml-layout":"","theme-transparent-header-meta":"default","adv-header-id-meta":"","stick-header-meta":"","header-above-stick-meta":"","header-main-stick-meta":"","header-below-stick-meta":"","astra-migrate-meta-layouts":"set"},"class_list":["post-5099","jobs","type-jobs","status-publish","has-post-thumbnail","hentry","jobs_category-festanstellung"],"acf":[],"_edit_lock":"1773063734:8","_edit_last":"8","job_custom_message":"","position_title":"Assistent\/in der Gesch\u00e4ftsleitung (m\/w\/d)","sort-position_title":"sort-left-0","position_title-custom-title":"","position_title-hide-title":"off","position_title-hide-field":"off","position_title-field-tag":"div","position_title-field-tag-title":"div","position_title-field-class":"","position_logo":"https:\/\/www.www.genese.de\/wp-content\/uploads\/2024\/01\/Genese_mit_Name-300x300.png","sort-position_logo":"sort-right-0","position_logo-custom-title":"","position_logo-hide-title":"off","position_logo-hide-field":"off","position_logo-field-tag":"div","position_logo-field-tag-title":"div","position_logo-field-class":"","sort-position_employment_type":"sort-right-1","position_employment_type-custom-title":"","position_employment_type-hide-title":"off","position_employment_type-hide-field":"off","position_employment_type-field-tag":"div","position_employment_type-field-tag-title":"div","position_employment_type-field-class":"","position_employment_begining":"","sort-position_employment_begining":"sort-right-2","position_employment_begining-custom-title":"","position_employment_begining-hide-title":"off","position_employment_begining-hide-field":"off","position_employment_begining-field-tag":"div","position_employment_begining-field-tag-title":"div","position_employment_begining-field-class":"","position_employment_duration":"unbefristet","sort-position_employment_duration":"sort-right-3","position_employment_duration-custom-title":"","position_employment_duration-hide-title":"off","position_employment_duration-hide-field":"off","position_employment_duration-field-tag":"div","position_employment_duration-field-tag-title":"div","position_employment_duration-field-class":"","position_industry":"","sort-position_industry":"sort-right-4","position_industry-custom-title":"","position_industry-hide-title":"off","position_industry-hide-field":"off","position_industry-field-tag":"div","position_industry-field-tag-title":"div","position_industry-field-class":"","position_job_location":"Bremen","sort-position_job_location":"sort-right-5","position_job_location-custom-title":"","position_job_location-hide-title":"off","position_job_location-hide-field":"off","position_job_location-field-tag":"div","position_job_location-field-tag-title":"div","position_job_location-field-class":"","position_description":"Gl\u00fccklich und motiviert arbeiten und leben in Bremen! Eine Stadt mit sehr hoher Lebensqualit\u00e4t mit kurzen (Fahrrad-) Wegen, Tradition einer Hansestadt und ein Wirtschafts- und Wissenschaftsstandort. Wir suchen zur Erweiterung unseres Teams einen\r\n\r\n<strong>Assistent\/in der Gesch\u00e4ftsleitung (m\/w\/d) in Vollzeit oder Teilzeit<\/strong>\r\n\r\nGenese ist eine traditionsreiche Softwarefirma mit \u00fcber 20 Jahren Erfahrung im Bereich IP und einem Team von 30 Softwareentwicklern. Unsere Kunden sind nationale und internationale Kanzleien, sowie b\u00f6rsennotierte Unternehmen.","sort-position_description":"sort-left-1","position_description-custom-title":"Das erwartet Sie:","position_description-hide-title":"on","position_description-hide-field":"off","position_description-field-tag":"div","position_description-field-tag-title":"div","position_description-field-class":"","position_responsibilities":"","sort-position_responsibilities":"sort-disabled-7","position_responsibilities-custom-title":"","position_responsibilities-hide-title":"off","position_responsibilities-hide-field":"on","position_responsibilities-field-tag":"div","position_responsibilities-field-tag-title":"div","position_responsibilities-field-class":"","position_qualifications":"<ul>\r\n \t<li>Sie verf\u00fcgen \u00fcber eine abgeschlossene kaufm\u00e4nnische Ausbildung oder vergleichbares<\/li>\r\n \t<li>Sie bringen Berufserfahrung aus einer vergleichbaren Funktion mit<\/li>\r\n \t<li>Sehr gute MS-Office Kenntnisse<\/li>\r\n \t<li>Sehr gute Deutschkenntnisse in Wort und Schrift<\/li>\r\n<\/ul>","sort-position_qualifications":"sort-left-4","position_qualifications-custom-title":"Ihre Qualifikationen:","position_qualifications-hide-title":"off","position_qualifications-hide-field":"off","position_qualifications-field-tag":"div","position_qualifications-field-tag-title":"div","position_qualifications-field-class":"","position_job_benefits":"<ul>\r\n \t<li>Ein unbefristetes Angestelltenverh\u00e4ltnis<\/li>\r\n \t<li>Eine aufgabenorientierte Einarbeitung<\/li>\r\n \t<li>Teilnahme an internen w\u00f6chentlichen Schulungen<\/li>\r\n \t<li>Ein kollegiales, angenehmes Arbeitsklima in einem stark wachsenden Unternehmen<\/li>\r\n \t<li>Eine anspruchsvolle, selbst\u00e4ndige und vielf\u00e4ltige T\u00e4tigkeit<\/li>\r\n \t<li>Pers\u00f6nliche Entwicklungsm\u00f6glichkeiten<\/li>\r\n \t<li>Gute Anbindung an \u00f6ffentliche Verkehrsmittel \/ kostenlose Parkpl\u00e4tze<\/li>\r\n \t<li>Kostenlose Getr\u00e4nke<\/li>\r\n<\/ul>","sort-position_job_benefits":"sort-left-5","position_job_benefits-custom-title":"Wir bieten:","position_job_benefits-hide-title":"off","position_job_benefits-hide-field":"off","position_job_benefits-field-tag":"div","position_job_benefits-field-tag-title":"div","position_job_benefits-field-class":"","position_contacts":"","sort-position_contacts":"sort-disabled-8","position_contacts-custom-title":"","position_contacts-hide-title":"off","position_contacts-hide-field":"off","position_contacts-field-tag":"div","position_contacts-field-tag-title":"div","position_contacts-field-class":"","position_work_hours":"","sort-position_work_hours":"sort-right-6","position_work_hours-custom-title":"","position_work_hours-hide-title":"off","position_work_hours-hide-field":"off","position_work_hours-field-tag":"div","position_work_hours-field-tag-title":"div","position_work_hours-field-class":"","position_base_salary":"","sort-position_base_salary":"sort-right-7","position_base_salary-custom-title":"","position_base_salary-hide-title":"off","position_base_salary-hide-field":"off","position_base_salary-field-tag":"div","position_base_salary-field-tag-title":"div","position_base_salary-field-class":"","sort-position_date_posted":"sort-right-8","position_date_posted-custom-title":"","position_date_posted-hide-title":"off","position_date_posted-hide-field":"off","position_date_posted-field-tag":"div","position_date_posted-field-tag-title":"div","position_date_posted-field-class":"","position_valid_through":"","sort-position_valid_through":"sort-right-9","position_valid_through-custom-title":"","position_valid_through-hide-title":"off","position_valid_through-hide-field":"off","position_valid_through-field-tag":"div","position_valid_through-field-tag-title":"div","position_valid_through-field-class":"","position_pdf_export":"","sort-position_pdf_export":"sort-disabled-9","position_pdf_export-custom-title":"","position_pdf_export-hide-title":"off","position_pdf_export-hide-field":"off","position_pdf_export-field-tag":"div","position_pdf_export-field-tag-title":"div","position_pdf_export-field-class":"","position_apply_now":"Jetzt bewerben","sort-position_apply_now":"sort-right-10","position_apply_now-custom-title":"","position_apply_now-hide-title":"off","position_apply_now-hide-field":"off","position_apply_now-field-tag":"div","position_apply_now-field-tag-title":"div","position_apply_now-field-class":"","position_educationRequirements":"","sort-position_educationRequirements":"sort-disabled-0","position_educationRequirements-custom-title":"","position_educationRequirements-hide-title":"off","position_educationRequirements-hide-field":"off","position_educationRequirements-field-tag":"div","position_educationRequirements-field-tag-title":"div","position_educationRequirements-field-class":"","position_experienceRequirements":"","sort-position_experienceRequirements":"sort-disabled-1","position_experienceRequirements-custom-title":"","position_experienceRequirements-hide-title":"off","position_experienceRequirements-hide-field":"off","position_experienceRequirements-field-tag":"div","position_experienceRequirements-field-tag-title":"div","position_experienceRequirements-field-class":"","position_skills":"Sie arbeiten strukturiert. Sie sind erster Ansprechpartner bei Anfragen und begleiten unsere Bestandskunden bei Dienstleistungen und Projekten. Sie beraten unsere Kunden zu den Produkten von Genese und sind gut organisiert in der Anlage von Angeboten und Projekt\u00fcbersichten. Sie sind vor Ort im B\u00fcro t\u00e4tig.","sort-position_skills":"sort-left-2","position_skills-custom-title":"Das bringen Sie mit:","position_skills-hide-title":"off","position_skills-hide-field":"off","position_skills-field-tag":"div","position_skills-field-tag-title":"div","position_skills-field-class":"","position_button":"Button","sort-position_button":"sort-disabled-2","position_button-custom-title":"","position_button-hide-title":"off","position_button-hide-field":"off","position_button-field-tag":"div","position_button-field-tag-title":"div","position_button-field-class":"","position_button-url":"","position_button-url-target":"_blank","position_button-style":"primary-style","position_pdf_job":"","sort-position_pdf_job":"sort-disabled-3","position_pdf_job-custom-title":"","position_pdf_job-hide-title":"off","position_pdf_job-hide-field":"off","position_pdf_job-field-tag":"div","position_pdf_job-field-tag-title":"div","position_pdf_job-field-class":"","position_custom_text_1":"<strong>Sie kommunizieren gern:<\/strong>\r\n\r\nSie haben ein professionelles freundliches Auftreten und k\u00f6nnen auch komplexe Zusammenh\u00e4nge einfach erkl\u00e4ren. Sie unterst\u00fctzen, organisieren und koordinieren die Fachtagungen und Kundenveranstaltungen.\r\n\r\n&nbsp;\r\n\r\n<strong>Sie gestalten die Prozesse aktiv mit:<\/strong>\r\n\r\nSie arbeiten gerne strukturiert und f\u00fchren alle Prozesse zusammen, dabei agieren Sie als Schnittstelle zwischen unseren Kunden und Mitarbeitern.\r\n\r\n&nbsp;\r\n\r\n<strong>Sie lieben Abwechslung:<\/strong>\r\n\r\nSie entlasten proaktiv die Gesch\u00e4ftsf\u00fchrung im Tagesgesch\u00e4ft. Sie koordinieren Termine und unterst\u00fctzen bei internen Arbeitsprozessen. Sie erstellen eigenverantwortlich Pr\u00e4sentationen und Auswertungen.\r\n\r\n&nbsp;\r\n\r\n<strong>Sie sind ein Organisationstalent:<\/strong>\r\n\r\nIhnen f\u00e4llt es leicht den \u00dcberblick zu behalten und auch in stressigen Momenten einen k\u00fchlen Kopf zu bewahren. Sie haben Spa\u00df am Telefonieren und keine Scheu eigenst\u00e4ndige Entscheidungen zu treffen. Sie sind kundenorientiert und organisiert: Sie arbeiten professionell, l\u00f6sungsorientiert, und sind mit Kundenumgang vertraut. Sie zeigen Eigeninitiative bei Verbesserungsvorschl\u00e4gen und k\u00f6nnen selbstst\u00e4ndig und eigenverantwortlich Arbeiten.","sort-position_custom_text_1":"sort-left-3","position_custom_text_1-custom-title":"","position_custom_text_1-hide-title":"on","position_custom_text_1-hide-field":"off","position_custom_text_1-field-tag":"div","position_custom_text_1-field-tag-title":"div","position_custom_text_1-field-class":"","position_custom_text_2":"","sort-position_custom_text_2":"sort-disabled-4","position_custom_text_2-custom-title":"","position_custom_text_2-hide-title":"off","position_custom_text_2-hide-field":"off","position_custom_text_2-field-tag":"div","position_custom_text_2-field-tag-title":"div","position_custom_text_2-field-class":"","position_custom_text_3":"","sort-position_custom_text_3":"sort-disabled-5","position_custom_text_3-custom-title":"","position_custom_text_3-hide-title":"off","position_custom_text_3-hide-field":"off","position_custom_text_3-field-tag":"div","position_custom_text_3-field-tag-title":"div","position_custom_text_3-field-class":"","sort-position_inline_apply_now":"sort-disabled-6","position_inline_apply_now-custom-title":"","position_inline_apply_now-hide-title":"off","position_inline_apply_now-hide-field":"off","position_inline_apply_now-field-tag":"div","position_inline_apply_now-field-tag-title":"div","position_inline_apply_now-field-class":"","position_hiring_organization_name":"Genese.de","position_job_location_streetAddress":"Leerk\u00e4mpe 7","position_job_location_postalCode":"28259","position_job_location_addressLocality":"Bremen","position_job_location_addressRegion":"Bremen","position_job_location_addressCountry":"Deutschland","position_job_location_remote":"","job_remote_data":[{"type":"","name":""}],"position_pdf_job_name":"","position_base_salary_upto":"","position_base_salary_unittext":"","position_valid_through_date":"1970-01-01","site-sidebar-layout":"default","ast-site-content-layout":"default","site-content-style":"default","site-sidebar-style":"default","theme-transparent-header-meta":"default","_yoast_wpseo_primary_jobs_category":"13","_yoast_wpseo_estimated-reading-time-minutes":"1","_yoast_wpseo_wordproof_timestamp":"","_thumbnail_id":"4094","ekit_post_views_count":"520","_wp_old_date":"2026-01-20","jobs_post_metrics_counted":"yes","astra-migrate-meta-layouts":"set","_elementor_page_assets":[],"_links":{"self":[{"href":"https:\/\/www.genese.de\/de\/wp-json\/wp\/v2\/jobs\/5099","targetHints":{"allow":["GET"]}}],"collection":[{"href":"https:\/\/www.genese.de\/de\/wp-json\/wp\/v2\/jobs"}],"about":[{"href":"https:\/\/www.genese.de\/de\/wp-json\/wp\/v2\/types\/jobs"}],"author":[{"embeddable":true,"href":"https:\/\/www.genese.de\/de\/wp-json\/wp\/v2\/users\/8"}],"wp:featuredmedia":[{"embeddable":true,"href":"https:\/\/www.genese.de\/de\/wp-json\/wp\/v2\/media\/4094"}],"wp:attachment":[{"href":"https:\/\/www.genese.de\/de\/wp-json\/wp\/v2\/media?parent=5099"}],"curies":[{"name":"wp","href":"https:\/\/api.w.org\/{rel}","templated":true}]}}

Assistent/in der Geschäftsleitung

Assistent/in der Geschäftsleitung (m/w/d)

Glücklich und motiviert arbeiten und leben in Bremen! Eine Stadt mit sehr hoher Lebensqualität mit kurzen (Fahrrad-) Wegen, Tradition einer Hansestadt und ein Wirtschafts- und Wissenschaftsstandort. Wir suchen zur Erweiterung unseres Teams einen

<strong>Assistent/in der Geschäftsleitung (m/w/d) in Vollzeit oder Teilzeit</strong>

Genese ist eine traditionsreiche Softwarefirma mit über 20 Jahren Erfahrung im Bereich IP und einem Team von 30 Softwareentwicklern. Unsere Kunden sind nationale und internationale Kanzleien, sowie börsennotierte Unternehmen.

<ul>
 	<li>Sie verfügen über eine abgeschlossene kaufmännische Ausbildung oder vergleichbares</li>
 	<li>Sie bringen Berufserfahrung aus einer vergleichbaren Funktion mit</li>
 	<li>Sehr gute MS-Office Kenntnisse</li>
 	<li>Sehr gute Deutschkenntnisse in Wort und Schrift</li>
</ul>

<ul>
 	<li>Ein unbefristetes Angestelltenverhältnis</li>
 	<li>Eine aufgabenorientierte Einarbeitung</li>
 	<li>Teilnahme an internen wöchentlichen Schulungen</li>
 	<li>Ein kollegiales, angenehmes Arbeitsklima in einem stark wachsenden Unternehmen</li>
 	<li>Eine anspruchsvolle, selbständige und vielfältige Tätigkeit</li>
 	<li>Persönliche Entwicklungsmöglichkeiten</li>
 	<li>Gute Anbindung an öffentliche Verkehrsmittel / kostenlose Parkplätze</li>
 	<li>Kostenlose Getränke</li>
</ul>

Sie arbeiten strukturiert. Sie sind erster Ansprechpartner bei Anfragen und begleiten unsere Bestandskunden bei Dienstleistungen und Projekten. Sie beraten unsere Kunden zu den Produkten von Genese und sind gut organisiert in der Anlage von Angeboten und Projektübersichten. Sie sind vor Ort im Büro tätig.

<strong>Sie kommunizieren gern:</strong>

Sie haben ein professionelles freundliches Auftreten und können auch komplexe Zusammenhänge einfach erklären. Sie unterstützen, organisieren und koordinieren die Fachtagungen und Kundenveranstaltungen.

&nbsp;

<strong>Sie gestalten die Prozesse aktiv mit:</strong>

Sie arbeiten gerne strukturiert und führen alle Prozesse zusammen, dabei agieren Sie als Schnittstelle zwischen unseren Kunden und Mitarbeitern.

&nbsp;

<strong>Sie lieben Abwechslung:</strong>

Sie entlasten proaktiv die Geschäftsführung im Tagesgeschäft. Sie koordinieren Termine und unterstützen bei internen Arbeitsprozessen. Sie erstellen eigenverantwortlich Präsentationen und Auswertungen.

&nbsp;

<strong>Sie sind ein Organisationstalent:</strong>

Ihnen fällt es leicht den Überblick zu behalten und auch in stressigen Momenten einen kühlen Kopf zu bewahren. Sie haben Spaß am Telefonieren und keine Scheu eigenständige Entscheidungen zu treffen. Sie sind kundenorientiert und organisiert: Sie arbeiten professionell, lösungsorientiert, und sind mit Kundenumgang vertraut. Sie zeigen Eigeninitiative bei Verbesserungsvorschlägen und können selbstständig und eigenverantwortlich Arbeiten.

Leerkämpe 7
