{"id":3234,"date":"2023-12-03T09:01:37","date_gmt":"2023-12-03T09:01:37","guid":{"rendered":"https:\/\/newhomepage.ip-management.software\/?page_id=3234"},"modified":"2026-04-28T09:37:20","modified_gmt":"2026-04-28T09:37:20","slug":"impressum","status":"publish","type":"page","link":"https:\/\/www.genese.de\/de\/impressum\/","title":{"rendered":"Impressum"},"content":{"rendered":"<div data-elementor-type=\"wp-page\" data-elementor-id=\"3234\" class=\"elementor elementor-3234\">\n\t\t\t\t<div class=\"elementor-element elementor-element-48eb7286 e-flex e-con-boxed e-con e-parent\" data-id=\"48eb7286\" data-element_type=\"container\" data-e-type=\"container\">\n\t\t\t\t\t<div class=\"e-con-inner\">\n\t\t\t\t<div class=\"elementor-element elementor-element-5e5a5ef9 elementor-widget elementor-widget-text-editor\" data-id=\"5e5a5ef9\" data-element_type=\"widget\" data-e-type=\"widget\" data-widget_type=\"text-editor.default\">\n\t\t\t\t<div class=\"elementor-widget-container\">\n\t\t\t\t\t\t\t\t\t<h2>Impressum<\/h2><p>Genese.de GmbH<br \/>Leerk\u00e4mpe 7<br \/>28259 Bremen<\/p><p class=\"translation-block\"><strong>Vertreten durch die Gesch\u00e4ftsf\u00fchrer: <\/strong><br>Dipl. Inform. Oliver Otto<br>Anja Otto<\/p><p><strong>Kontakt: <\/strong><br \/>Telefon: +49 (0) 421 56561 \u2013 0<br \/>Telefax: +49 (0) 421 56561 \u2013 56<br \/>E-Mail: mail@genese.de<\/p><p><strong>Registereintrag: <\/strong><br \/>Eintragung im Handelsregister.<br \/>Registergericht: Amtsgericht Bremen<br \/>Registernummer: B 19888<\/p><p><strong>Umsatzsteuer-ID: <\/strong><br \/>Umsatzsteuer-Identifikationsnummer gem\u00e4\u00df \u00a727 a Umsatzsteuergesetz:<br \/>DE 214096884<\/p><p><strong>Haftungshinweis:<\/strong><br \/>Trotz sorgf\u00e4ltiger inhaltlicher Kontrolle \u00fcbernehmen wir keine Haftung f\u00fcr die Inhalte externer Links. F\u00fcr den Inhalt der verlinkten Seiten sind ausschlie\u00dflich deren Betreiber verantwortlich.<\/p><p>\u00a9 Genese.de GmbH, 30. November 2023<\/p>\t\t\t\t\t\t\t\t<\/div>\n\t\t\t\t<\/div>\n\t\t\t\t\t<\/div>\n\t\t\t\t<\/div>\n\t\t\t\t<\/div>","protected":false},"excerpt":{"rendered":"<p>Imprint Genese.de GmbHLeerk\u00e4mpe 728259 Bremen Represented by the managing directors: Dipl. Inform. Oliver OttoAnja Otto Contact: Phone: +49 (0) 421 56561 \u2013 0Fax: +49 (0) 421 56561 \u2013 56E-mail: mail@genese.de Register entry: Entry in the commercial register.Register court: Bremen local courtRegister number: B 19888 Value added tax ID: Value added tax identification number according to &hellip;<\/p>\n<p class=\"read-more\"> <a class=\"\" href=\"https:\/\/www.genese.de\/de\/impressum\/\"> <span class=\"screen-reader-text\">Impressum<\/span> Weiterlesen &raquo;<\/a><\/p>","protected":false},"author":1,"featured_media":0,"parent":0,"menu_order":0,"comment_status":"closed","ping_status":"open","template":"","meta":{"_acf_changed":false,"site-sidebar-layout":"default","site-content-layout":"","ast-site-content-layout":"","site-content-style":"default","site-sidebar-style":"default","ast-global-header-display":"","ast-banner-title-visibility":"","ast-main-header-display":"","ast-hfb-above-header-display":"","ast-hfb-below-header-display":"","ast-hfb-mobile-header-display":"","site-post-title":"","ast-breadcrumbs-content":"","ast-featured-img":"","footer-sml-layout":"","theme-transparent-header-meta":"","adv-header-id-meta":"","stick-header-meta":"","header-above-stick-meta":"","header-main-stick-meta":"","header-below-stick-meta":"","astra-migrate-meta-layouts":"","footnotes":""},"class_list":["post-3234","page","type-page","status-publish","hentry"],"acf":[],"_links":{"self":[{"href":"https:\/\/www.genese.de\/de\/wp-json\/wp\/v2\/pages\/3234","targetHints":{"allow":["GET"]}}],"collection":[{"href":"https:\/\/www.genese.de\/de\/wp-json\/wp\/v2\/pages"}],"about":[{"href":"https:\/\/www.genese.de\/de\/wp-json\/wp\/v2\/types\/page"}],"author":[{"embeddable":true,"href":"https:\/\/www.genese.de\/de\/wp-json\/wp\/v2\/users\/1"}],"replies":[{"embeddable":true,"href":"https:\/\/www.genese.de\/de\/wp-json\/wp\/v2\/comments?post=3234"}],"version-history":[{"count":25,"href":"https:\/\/www.genese.de\/de\/wp-json\/wp\/v2\/pages\/3234\/revisions"}],"predecessor-version":[{"id":5565,"href":"https:\/\/www.genese.de\/de\/wp-json\/wp\/v2\/pages\/3234\/revisions\/5565"}],"wp:attachment":[{"href":"https:\/\/www.genese.de\/de\/wp-json\/wp\/v2\/media?parent=3234"}],"curies":[{"name":"wp","href":"https:\/\/api.w.org\/{rel}","templated":true}]}}

<div data-elementor-type="wp-page" data-elementor-id="3234" class="elementor elementor-3234">
				<div class="elementor-element elementor-element-48eb7286 e-flex e-con-boxed e-con e-parent" data-id="48eb7286" data-element_type="container" data-e-type="container">
					<div class="e-con-inner">
				<div class="elementor-element elementor-element-5e5a5ef9 elementor-widget elementor-widget-text-editor" data-id="5e5a5ef9" data-element_type="widget" data-e-type="widget" data-widget_type="text-editor.default">
				<div class="elementor-widget-container">
									<h2>Impressum</h2><p>Genese.de GmbH<br />Leerkämpe 7<br />28259 Bremen</p><p class="translation-block"><strong>Vertreten durch die Geschäftsführer: </strong><br>Dipl. Inform. Oliver Otto<br>Anja Otto</p><p><strong>Kontakt: </strong><br />Telefon: +49 (0) 421 56561 – 0<br />Telefax: +49 (0) 421 56561 – 56<br />E-Mail: mail@genese.de</p><p><strong>Registereintrag: </strong><br />Eintragung im Handelsregister.<br />Registergericht: Amtsgericht Bremen<br />Registernummer: B 19888</p><p><strong>Umsatzsteuer-ID: </strong><br />Umsatzsteuer-Identifikationsnummer gemäß §27 a Umsatzsteuergesetz:<br />DE 214096884</p><p><strong>Haftungshinweis:</strong><br />Trotz sorgfältiger inhaltlicher Kontrolle übernehmen wir keine Haftung für die Inhalte externer Links. Für den Inhalt der verlinkten Seiten sind ausschließlich deren Betreiber verantwortlich.</p><p>© Genese.de GmbH, 30. November 2023</p>								</div>
				</div>
					</div>
				</div>
				</div>

<p>Imprint Genese.de GmbHLeerkämpe 728259 Bremen Represented by the managing directors: Dipl. Inform. Oliver OttoAnja Otto Contact: Phone: +49 (0) 421 56561 – 0Fax: +49 (0) 421 56561 – 56E-mail: mail@genese.de Register entry: Entry in the commercial register.Register court: Bremen local courtRegister number: B 19888 Value added tax ID: Value added tax identification number according to &hellip;</p>
<p class="read-more"> <a class="" href="https://www.genese.de/de/impressum/"> <span class="screen-reader-text">Impressum</span> Weiterlesen &raquo;</a></p>
